lue of -4 - (0 - (-10 + 15 + (-1 - 2)))?
-2
What is 2 - ((5 - 12) + (8 - 4) - 3)?
8
What is -241 + 275 - (8 - 2)?
28
Calculate -6 + (-6 + (-5 - 17) - -9).
-25
Calculate 1 - 5 - -1 - (33 + 16 + -42).
-10
Evaluate -1 - 0 - (140 - 152).
11
Calculate (0 + -4 - (3 + -12)) + 1 - 9.
-3
What is the value of -16 - -1 - (-1349 + 1326)?
8
What is the value of -18 + 5 - (-20 - -8)?
-1
What is 11 + 2 + -17 + (-2 - 6)?
-12
Calculate 46 + (0 + 25 - 38).
33
What is (3 - (3 + 7)) + 16 + -13?
-4
What is 8 + 1 - (-77 - -57) - 10?
19
Calculate (-10 + 1 - -28) + -36.
-17
(-9 - (4 - 3)) + (-64 - -65) + -2
-11
What is the value of 32 + -43 + 23 + (-27 - -1)?
-14
What is 26 + (-39 + 44 - (7 - (3 - 3)))?
24
What is the value of 32 + 8 + -43 - (0 - 9) - -2?
8
What is the value of (9 - 35) + (65 - 57)?
-18
What is 12 + (-3 + 0 - 1)?
8
Evaluate (-2 + 0 - -10) + (-2007 - -2030).
31
What is 0 + (27 - (-36 - -70))?
-7
Evaluate (5 - (2 + 14)) + (-3 - (4 - 3)).
-15
What is the value of -1 + 1 + 5 + -5 + -16 + 10?
-6
Evaluate -1 - (-6 - -7) - -4.
2
(5 - 1) + (-33 - -44)
15
What is -14 - (46 - (37 - 13))?
-36
Calculate 53 - 8 - 26 - (9 - -2).
8
What is -16 + 1 + -2 + 2 + -16?
-31
What is (-494 - -530) + -33 + -3?
0
Evaluate -1 + -10 + (2 - 2) + 8.
-3
Evaluate -106 - -105 - ((-2 - 2) + 0) - 7.
-4
Evaluate -19 + 28 + -45 + 18 + -3.
-21
Calculate 1 - (9 + -2) - (-28 - (67 + -106)).
-17
What is -1 + 8 + (-19 - -24 - 11)?
1
Calculate (-17 - -18 - (3 - -2)) + -2 + 10.
4
What is 29 + (9 - 29) + (-10 - 1)?
-2
Calculate 3 + -1 + (-7 - 0 - -15) + -3.
7
10 + 0 + (-9 - (-11 + -7) - 18)
1
Calculate (3 - (-10 + 10)) + -10 - -10.
3
What is -2 + 8 + -7 + (-3 - (6 - 1))?
-9
Evaluate 22 - (14 + (1 - 4)).
11
(9 - 13) + 12 + (-5 - -8)
11
Calculate 16 + -9 - (2 + 3) - 8.
-6
Calculate -219 + 211 - (18 + -18 + (1 - 35)).
26
-2 + -6 - (-523 - -546)
-31
What is the value of -17 - 0 - ((14 - 5) + -5 + -11)?
-10
What is the value of 11 + -5 - (13 - 36 - -14)?
15
What is -70 - (-23 + -6) - -36?
-5
What is 14 + 9 + -19 + 0?
4
What is the value of -1 - (-3 + -8) - 22 - 7?
-19
-8 - (8 + -17) - 7 - (-2 - -6)
-10
Calculate 19 - (22 + -17) - 22.
-8
What is 16 - -2 - ((-7 - -7) + (-1 - -6))?
13
Evaluate (8 - (28 + -3)) + 6 + 1 + -3.
-13
What is -3 + -2 + 11 - 3?
3
4 - (16 - 4 - 2) - -27
21
3 + (0 - 0) - (-3 + -7 + 25)
-12
What is the value of (7 - 10) + (3 - 3) + -6 + 35?
26
Calculate (-1 - 0 - ((15 - 5) + -9)) + 8.
6
(-25 + -5 - -21) + -2
-11
What is -11 - (6 + (-8 - 16)) - (-4 - 13)?
24
0 + -2 + 19 + 5 + -20 + 3
5
1 - (52 - 56 - (-1 + 6))
10
(-26 - -6) + 2 - -23
5
Evaluate -10 + 0 + -11 + (19 - 10 - 1).
-13
What is the value of -5 + -2 + 8 + -14 + (-1 - 6)?
-20
Evaluate 1 + 4 - (-36 + 125 + -78).
-6
Evaluate 2 + 7 - (17 - 10).
2
(-1 - 2) + (-49 - -75)
23
-32 + (-13 - -3 - -20) + -2
-24
(-1 - (3 - -5)) + 5 - 4
-8
What is 65 - 51 - (28 - 2)?
-12
Evaluate (-5 - (3 - (-5 - -5)) - 1) + -5.
-14
-10 - (-5 + (-6 - -8)) - (3 - 1)
-9
Evaluate 18 + -19 + -2 + 7.
4
Evaluate (8 + -35 - -24 - (-12 - 0)) + -10.
-1
What is the value of 3 - (4 + (0 - -4 - -8 - 4))?
-9
Evaluate -3 + 34 + -30 - (0 - -13).
-12
(1 - -13) + -6 + 2 + 8 + -7
11
Evaluate 32 + (13 + -8 - (1 - -13)).
23
What is -21 + (-1 - (3 + 1)) - (21 + -26)?
-21
What is 6 + -1 + 0 - (9 - (12 + 3))?
11
-665 + 664 - (-2 - (-27 - -1))
-25
Calculate (0 - -22) + -25 + 12.
9
(5 - 10) + 19 + -5
9
Calculate -1 - 0 - (2 - (-1 - -2 - 2)).
-4
What is the value of (12 - (62 + -42)) + (27 - 0)?
19
Calculate 0 + 35 + -10 + -31 - (0 + 9).
-15
Calculate (-12 - (-17 + 9 - -1) - 20) + 5.
-20
Calculate 6 + (9 - (8 - 1)).
8
Calculate -13 + 2 + 2 + (10 - (0 + 12)).
-11
Calculate 21 - ((-17 - -7 - -23) + -21).
29
Calculate 18 - 13 - ((-10 - -15) + -5 + -1).
6
Evaluate 2 + (9 - -5) + -34.
-18
What is the value of 1 + -3 + (-3 - (4 - 5)) + -6?
-10
Calculate -5 - 0 - (18 + -25 - -14).
-12
Evaluate -10 + (3 + (12 - 6) - -4).
3
Evaluate -7 - (-24 + 19 + 16).
-18
Evaluate 39 + -26 + 13 + (1 - 7).
20
Calculate 16 - 28 - (-6 - 2) - (0 - 20).
16
Calculate -52 - -54 - (19 - -6).
-23
0 - 5 - ((43 - 91) + 47)
-4
What is -1 + -25 - (112 + -110) - -9?
-19
What is the value of (1 - -3) + (9 - (12 - -5))?
-4
What is the value of -3 + 0 + (-17 - (-29 - -21))?
-12
-14 + 8 - (1 - 4)
-3
Evaluate 2 + (4 - 0) + (-12 - 0 - 2).
-8
What is the value of -9 + (-8 - -6) + 18 + 5?
12
What is the value of -7 + (0 - (5 + -10 - -7))?
-9
13 + -14 - (3 - -4 - (0 - 1))
-9
10 + (1 - (10 + -12))
13
What is the value of (0 - (13 - 26)) + -21?
-8
(-99 - -100) + 2 + (2 - 20)
-15
What is -63 + 44 - (-7 + -2)?
-10
What is 18 - ((-247 - -244) + (2 - -3))?
16
What is -12 - (0 + (-22 - -22))?
-12
Calculate (13 - 5) + (3 - 7) + 16.
20
What is the value of 9 - (-6 + 14 - 6)?
7
Evaluate -6 - -11 - (12 + -3) - (0 - 8).
4
What is the value of -98 + 75 + 4 + 2 + -2?
-19
4 - 0 - (-94 + 83 + (-2 - -18))
-1
What is -26 + (2 - 2 - (-5 - -17 - 18))?
-20
(-7 - (3 - (2 - -4))) + 5 + 0
1
Calculate 0 - -6 - (-8 - -17) - (2 - 15).
10
What is 1 - -12 - (-472 - -463)?
22
Evaluate 12 + (-25 - -14) - 15.
-14
What is 5 + (2 + 5 - (2 + -2)) + -4?
8
Calculate 0 - 1 - ((88 - 86) + (-33 - 1)).
31
What is the value of 3 - (-1 + (-2 - 0)) - (31 + -35)?
10
What is the value of 7 + (59 + -89 - (1 + -7))?
-17
Calculate 13 - (12 + 6) - -7.
2
What is (7 + 35 - 42) + 34?
34
Calculate (-830 - -784) + 22 + -3 + 0.
-27
What is 14 - ((-256 - -261) + (-3 - (1 - 2)))?
11
Calculate 3 - (1 + -4 + 1 + 2 + 7).
-4
Calculate -5 + 17 + -29 - -21.
4
3 + -2 + -20 - (26 + -39 + 7)
-13
-24 - (0 - 2) - (294 + -299)
-17
What is -36 + (-8 - -8) + (4 - (0 - 1))?
-31
Calculate -16 - (-1 + -21 - 6).
12
What is -13 + (-8 - -6 - -6 - 9)?
-18
Calculate 1 - ((6 - -4) + -11 - (13 + -7)).
8
Evaluate -32 + (-21 - -52) + -16.
-17
What is (0 - -12 - -1) + -2356 + 2345?
2
Evaluate -3 + 3 - (4 + -12 - (0 - 8)).
0
-356 - -351 - (-3 + 1 + 6)
-9
Calculate 7 + -12 + -17 + 13 - (-31 + -2).
24
What is -10 - -2 - ((-6 - -9) + -8)?
-3
What is the value of -42 - (38 + -68 + -2)?
-10
What is the value of 44 + -43 + -11 - -37?
27
Evaluate -25 - -11 - 5 - -14.
-5
-6 - (-260 + 273 - (27 + -1))
7
0 + (4 - 3 - -4) + -9 + -5
-9
-21 - 1 - 2 - (-55 + 27 + 17)
-13
What is (-20 - -27) + (26 - 10) + 5 + -1?
27
What is -23 - (-6 - -34 - 43) - (0 + 7)?
-15
What is 7 + (11 - (31 - 20))?
7
Calculate 16 - (7 + -12 - -24).
-3
What is (-4 - (-12 - -3)) + -4 + -1 + -7?
-7
(-14 - (-3 - 6)) + 10 + 0 + 7
12
Calculate (-2 - 0 - 1) + (25 - 14 - 0).
8
Calculate (-5 - -9) + -10 + 8 - (-1 + 0).
3
What is the value of 2 + -2 + 15 + 2 + -26?
-9
What is the value of -6 - (1 - -7) - -1?
-13
Calculate (-33 - 20) + 27 + 4.
-22
What is -2 + 6 + -2 - (27 - (22 + 12))?
9
Evaluate -10 - ((6 - -4) + -8 - -4).
-16
What is (3 - (27 - 36)) + 2 + -24?
-10
What is (-1 - 4) + (2 + -12 - (-70 + 50))?
5
Evaluate 1 - -17 - ((6 + -16 - -2) + 15).
11
(8 - 11 - 9) + -20 + 7 + 3
-22
Calculate -11 + -7 + 28 - -11 - 1.
20
What is (-2 - 3) + 10 + 10 + -22?
-7
7 - 22 - (-7 - (3 - -3))
-2
Evaluate 112 - 89 - (17 + 6).
0
Evaluate -8 + (12 - (-38 - -64)).
-22
Calculate 31 + -64 + (8 - 0) - (-2 + 2).
-25
What is the value of (5 + -12 - (26 + -16)) + 2?
-15
What is the value of 0 + 12 - (13 + 1 + -17)?
15
What is the value of -16 + 7 + -7 - (-3 + 6)?
-19
What is (-7 - -2) + 16 + -15 + 4?
0
-17 - (1 - 8 - (7 - 12))
-15
What is -11 - (-3 + -5 + 0 - (-5 + 1))?
-7
-19 + 4 + 12 + 1
-2
What is -17 + 1 + (162 - 143)?
3
Evaluate -27 - -13 - 6 - -20.
0
Calculate 2 + (19 - (-6 + 40) - -22).
9
What is -23 - ((7 - -32) + -39)?
-23
What is the value of 5 - (-1 + -7) - 9?
4
Calculate -11 + 6 - 17 - -9.
-13
What is the value of -16 + 5 - (-22 + -12)?
23
Calculate (-12 - -5) + (2 - 1) + (4 - 5).
-7
What is 16 - (21 + -7 + 4)?
-2
What is 18 - (36 + -19 + -8)?
9
Calculate 37 + -3 - (-11 - ((-13 - -1) + -6)).
27
Evaluate -1 + -2 + (7 - ((3 - 7) + 6)).
2
20 + (-13 - -5) - ((4 - -9) + -1)
0
Evaluate -4 + 1 + -1 + -30 + 1034 + -1011.
-11
What is the value of (-32 - -23 - -7) + -6 + 1?
-7
What is the value of 16 - (0 - -14 - 3)?
5
Evaluate (19 - 26) + (1 - 1) + 4 + -6.
-9
What is the value of (11 - (6 - -1)) + 4 + -6?
2
What is -3 + 13 + -9 - 3 - -4?
2
Evaluate -16 - -27 - 27 - 18.
-34
What is the value of (1 - -7 - (200 - 210)) + 10?
28
What is the value of 35 + -16 - (7 - 2)?
14
21